22.
11
Let l = 2755 + -754. Calculate the highest common divisor of l and 115.
23
Suppose -l + 3*l = -4*b, 0 = -3*b + 5*l + 26. Suppose -p - 3*o + 47 = 0, 9*o = -2*p + 7*o + 114. What is the highest common divisor of p and b?
2
Let g be 3 + 144/32*(-2)/(-3). Let p be 7 - g - 6/(-2). Calculate the highest common factor of 316 and p.
4
Suppose l - 119 + 16 = -5*g, 0 = 5*l - 15. Let z = -16 + -8. Let n = -19 - z. What is the highest common factor of n and g?
5
Let g be ((3/(-4))/((-2550)/78880))/(4/10). Suppose -s + 1 = 5. Let q(m) = 8*m**2 - 5*m - 3. Let f be q(s). What is the greatest common divisor of f and g?
29
Let f = 376 - 253. Let q = f + -113. Suppose 0 = -q*y + 6*y + 160. Calculate the highest common factor of 16 and y.
8
Let c = 15676 - 15445. What is the greatest common divisor of c and 18249?
231
Let n = -329 + 336. Suppose n*v - 207 = 171. Calculate the highest common factor of 270 and v.
54
Let s(a) = a**3 + 50*a**2 + 28*a - 5. Let d be s(-49). Calculate the greatest common factor of d and 192.
64
Let p be 99 + -104 - ((-14)/3)/((-10)/(-15)). Calculate the highest common divisor of 2 and p.
2
Suppose 3*c + 64286 - 263383 = -4*m, 0 = -m + 4*c + 49741. Calculate the greatest common divisor of 317 and m.
317
Let z(d) = -30*d - 28. Let u be z(-5). Let r be u/2 + 4 + -1. Calculate the highest common divisor of 48 and r.
16
Suppose -5*q + 10*q = 80. Let b = -30 + 300. Suppose -384 = b*r - 278*r. What is the highest common divisor of q and r?
16
Suppose 4*v + 4*h - 123 = h, -4*v + 3*h = -93. Calculate the highest common factor of 2187 and v.
27
Let o be -36*(17/((-136)/90) + 8)*43. Calculate the greatest common factor of o and 468.
117
Suppose -283*t + 60 = 3*q - 281*t, 2*q = 4*t + 56. Calculate the greatest common divisor of 2893 and q.
11
Let a = -2 + 4. Let d(z) = z**2 - 235*z + 2908. Let r be d(13). What is the highest common factor of r and a?
2
Let m be 66/2 + 2 + 0. Suppose 8 = -9*l + m. Suppose -4*j + l*j = 5*f - 1035, -5 = j. What is the highest common factor of 26 and f?
26
Let m = 2434 + -722. Suppose 5*p - p - m = 0. Suppose -4*a + 854 = 2*f, 4*f + p + 229 = 3*a. What is the greatest common factor of 43 and a?
43
Let s be 8/56 + 0 - 76/(-7). Let m be ((-16)/(-2))/4 - 1. What is the greatest common divisor of m and s?
1
Let w(j) = -30*j**3 + 9*j**2 + 6*j + 3. Let i be w(-3). Calculate the highest common factor of 12 and i.
12
Suppose 0 = 11319*x - 11344*x + 22550. Calculate the highest common divisor of x and 22.
22
Let o be (((-7)/(-3))/7)/((-1)/(-15)). Suppose 2*y - 4475 = -o*a, y + 480 = a - 422. Calculate the highest common divisor of a and 39.
39
Let x = 5940 + -5912. Calculate the greatest common factor of x and 36.
4
Let t be (1085 - 33) + 24/(6 - 2) - 0. Calculate the greatest common divisor of t and 598.
46
Suppose 3*g - 8 = 10. Let x = -29837 + 29843. Calculate the highest common factor of g and x.
6
Let u = -15174 + 15554. What is the highest common divisor of u and 55?
5
Suppose -3648 = -2*r - 4*r. Suppose 0*u - r = -4*u. Suppose x - 3*a = 3*x - 68, 3*a = -5*x + u. Calculate the highest common divisor of 7 and x.
7
Suppose 2*o - 74 = -3*b, o - 8 = -b + 27. Let y = -31 + o. Suppose -5*j + 5*g = -y*j - 40, -g = j. Calculate the greatest common factor of j and 8.
4
Suppose -420 = -5*t + 115. Suppose -37*s + 41*s - t = -5*r, -2*r = 2*s - 54. Calculate the greatest common factor of s and 868.
28
Suppose -118*y + 290053 = -19*y - 211679. Calculate the greatest common divisor of 84 and y.
28
Suppose 30*o - 164466 - 2232 = -24*o. Calculate the highest common factor of 189 and o.
63
Let o be -3*85/(-6)*25/(1125/1728). What is the highest common divisor of o and 60?
12
Let t(g) = 2*g**2 - 10*g + 25. Let i be t(10). Let c be (-22)/(-6) - (-1)/((-3)/(-4)). Calculate the greatest common divisor of c and i.
5
Let q be (-7)/((-84)/(-9))*-4. Let p(j) = 31 + 0*j**3 - 28*j**2 + 26*j + 14*j**3 - 13*j**q. Let r be p(27). Calculate the greatest common divisor of 44 and r.
4
Let i be (-1)/6 - 4/(-24). Suppose i = 7*c + 1013 - 166. Let h = -110 - c. What is the greatest common divisor of 77 and h?
11
Suppose 5*s - 122216 = 2*q, -s - 2*q + 33625 = 9201. What is the greatest common factor of s and 260?
260
Let j be 6/(-1) + 10 + -2. Let v = -17 + 19. Calculate the highest common divisor of j and v.
2
Let g = 3311 + -2751. What is the greatest common divisor of 2016 and g?
112
Suppose -240*a + 243*a - 12 = 0. What is the greatest common divisor of 775 and a?
1
Let i = -1570 - -1671. Calculate the greatest common factor of i and 16867.
101
Let o(w) = -w**3 - 15*w**2 + 9*w + 17. Let m be o(-16). Suppose c = -5*p + 857, 5*p = 2*c + 2*c + 872. What is the highest common divisor of m and p?
43
Suppose -s + 6*i = i - 59, 5*s - 175 = i. Let b = 1857 + -769. Calculate the highest common factor of b and s.
34
Suppose 4*f - 4*y = 12, 2*y - 1 = -2*f + 1. Let j be f + 19*(2 - 0). Suppose -1701 = -99*l - 117. Calculate the highest common divisor of j and l.
8
Let i = -11532 - -11559. What is the highest common divisor of i and 105?
3
Suppose -167 = -j - 5*d, 3*j + 345*d - 551 = 340*d. What is the highest common divisor of 600 and j?
24
Suppose 5*j - 1020 = -s, -4*s - 166 = -j + 38. Suppose 0 = c + 3*n - 42, -c + 2*n + 48 = 3*n. What is the highest common divisor of j and c?
51
Suppose 0*u - 4*u + 168 = 0. Suppose -3*b - 3*l = -66, -2*l - 2 - 30 = -2*b. Suppose 1120 = b*x + x. What is the greatest common divisor of x and u?
14
Suppose -113 = -2*c - q, -87*c + 2*q = -85*c - 98. What is the highest common factor of c and 43686?
54
Let f be 372025/40 - (-1 + (-55)/(-88)). Calculate the greatest common divisor of f and 393.
131
Let c = 102 + -87. Suppose -150 = -11*n + c. Suppose 4*f - f = 15. What is the greatest common divisor of f and n?
5
Let l(x) = 12*x - 4. Let f be l(2). Suppose 2*y - 5*s + 3*s - f = 0, -3*s = 0. Suppose 11*v - 2640 = -13*v. What is the highest common factor of v and y?
10
Let r = 373 - 336. Let k be 33*r*(-6)/(-18). Calculate the greatest common divisor of 11 and k.
11
Suppose 3*p - 4*z - 105 = 0, -25366*p = -25365*p + 2*z + 25. Let m = -1073 - -2712. Calculate the greatest common divisor of m and p.
11
Suppose -6*b - 14 = b. Let o be 2 + 10 + (-3)/(-2)*b. Let a be (-2)/o + (-128)/72 - -134. Calculate the greatest common factor of a and 12.
12
Suppose 4*f + m + 1785 = 0, -f + 2*m + 2232 = -6*f. Let x = -382 - f. Calculate the greatest common divisor of 88 and x.
8
Suppose -2*k + 309 = 3*k + 3*j, -5*k + 294 = -2*j. Let s be 4/2 + ((-9)/(36/8))/(-1). What is the highest common factor of s and k?
4
Let g be (-2322)/12*-2 + 6. Let o = g - 276. Calculate the highest common divisor of o and 78.
39
Let q(t) = 99*t**2 + 2*t - 1. Let b be ((-2)/3)/(12/18). Let g be q(b). Let d = 367 + -361. What is the greatest common divisor of d and g?
6
Let g = 27533 - 27508. Suppose -5*l + 2542 = 792. What is the highest common factor of g and l?
25
Let z(c) = 6*c - 25. Let u be z(10). Let b(v) = -7 + 37*v - 65*v + u*v. Let a be b(4). Calculate the highest common divisor of a and 63.
21
Suppose -107*h = -97*h. Suppose h = 12*b - 24 - 132. What is the highest common divisor of 156 and b?
13
Let o = -154 + 168. Suppose 0 = -o*i + 17*i - 51. Calculate the highest common divisor of 17 and i.
17
Let u = 1330 + -1295. Suppose 4*t - 982 = i, 4*t - 4*i - 674 = 314. Calculate the highest common divisor of u and t.
35
Let f = -4 + 22. Suppose f*t - 384 = 2*t. What is the highest common factor of t and 2?
2
Let d be 6 + -4 + 458*8 + (7 - 9). Calculate the greatest common divisor of 32 and d.
16
Let x be 8/(-68) - 1311/(-17). Suppose -5*q + x = m, 2*m - 4*m + 4 = 0. Let i be 2*(q + 3)*1. Calculate the greatest common divisor of 24 and i.
12
Suppose 39*u = 35*u + 4, -5*q - u + 81 = 0. What is the highest common factor of q and 2592?
16
Suppose -20 = 3*o - 2*p, 5*p - 42 = 5*o - 17. Let d be 57/(-38)*o/1. What is the highest common factor of d and 40?
5
Suppose 0 = m - 2*d - 677, -5*d = -10*d - 5. What is the greatest common divisor of m and 27?
27
Let t be 2/(-6)*24*-2. Suppose -t*b + 44 = -52. What is the highest common factor of 60 and b?
6
Let p(b) = -5*b + 48. Let a be p(6). Suppose 5*d = -a*d + 69. Calculate the greatest common factor of d and 33.
3
Let j(y) =